- (-11 + 8)))?
37
What is the value of (29 - -3) + (198 - 178 - (4 + -1))?
49
Evaluate 51 - (1409 + -1361 - (0 + 15)).
18
Calculate (-11 - ((-4 - -24) + -11)) + 16.
-4
Evaluate 0 + -1 + -5 - -4 - (-31 + -6 + 0).
35
(4 - 18) + 56 + -52
-10
Evaluate -1060 + 1079 - (-28 + -1) - ((-8 - 0) + -2).
58
What is -1 + 1 + 1 - ((1078 - 1066) + (-37 - 0))?
26
Calculate 5 + -12 - -19 - (-19 - (-11 - 0)).
20
What is the value of (-3 - -9 - 7 - -6) + -7 + 12?
10
Calculate (-2 + 3 - 9) + (-8 - (44 + -40)).
-20
0 - (3 + -5) - 0 - (6 - (107 - 42))
61
Evaluate (20 - -13 - 14) + -57 + -39.
-77
Evaluate -50 - 3 - -63 - (-6 - -4).
12
What is (15 + (53 - 49) - (2 - -9)) + -37?
-29
13 - (3 - 32 - (3 + 4)) - 11
38
What is the value of -61 - 2 - (-117 + (214 - 110))?
-50
Evaluate 8 + 2 + (480 - 485).
5
Evaluate -60 + 1 + ((10 - -1) + (43 - 53) - -2).
-56
Calculate -180 + 37 + (200 - 125).
-68
What is -25 + 6 + 18 + -16 + 34?
17
Evaluate 90 + 106 + -210 + (-8 - 1).
-23
Calculate (0 - -20) + -74 + (11 - 5).
-48
Calculate (-115 - -53) + (32 - (-8 - -20)).
-42
3 - (79 + (-1 - 3)) - (-71 + -23 + 87)
-65
Evaluate (-7 - (25 + 11)) + -7 + (4 - -6) + -8.
-48
-58 + 7 - 11 - -20
-42
Calculate (-218 - -248) + (-84 - -21).
-33
What is 0 - -128 - (-1529 + 1611)?
46
What is 0 - 12 - ((-20 - 13) + 11 + 2)?
8
Evaluate -13 - (84 + (-192 - -25)).
70
Calculate 47 + -61 + 2 - (-14 + (1 - 2)).
3
What is 4 - 3 - (10 + (-7 - -4) - 16) - 1?
9
What is (17 + -10 + -21 - -22) + (59 - -3)?
70
What is 0 + -2 + (896 - 831)?
63
What is 29 - ((-7 - (5 + -2)) + 13)?
26
What is -14 + -27 + 41 + (16 - (-1 - -3))?
14
Evaluate -12 - ((-13 - -13 - 13) + 12 + 1) - -93.
81
(-8 - -1) + ((73 - 75) + 11 - (0 + 0))
2
Calculate -57 + (-39 + 29 - -33).
-34
-110 + (22 - 65) + (-5 - (-6 + -2)) + 0
-150
151 + -50 + -24 - 136
-59
Calculate (85 - 15) + (-12 + 16 - -2) + -16.
60
Calculate (0 - (1 - (4 + 2))) + -4 - (119 + -31).
-87
Evaluate 8 + 17 + -7 + -7 - 46.
-35
Evaluate (1 - 11 - (-441 - -398)) + (-10 - -2) + 5.
30
Evaluate (-1564 - -1589) + -35 + -1 - 17.
-28
-6 + -19 + 4 + (22 - 13)
-12
Evaluate -197 + 211 + -1 + -75 + 19.
-43
14 + (4 - (-5 - -5)) + -19
-1
What is the value of (-5 - (-18 + -13 + 22) - 52) + 1?
-47
What is the value of 6 + 38 + -67 + 10?
-13
What is -17 + 8 + (-7 + (49 - -3) - (4 + -2))?
34
-7 + 2 + 1 - (-15 + 28 + -8)
-9
Evaluate -21 - ((26 - (-18 - -20) - 17) + 3).
-31
What is the value of -2 - 3 - ((-4 - 4) + (-76 - -49))?
30
5 + (1 - (-22 + 44)) - -63
47
What is the value of (-980 - -1001) + (-22 - -1)?
0
What is the value of -41 + 0 - (13 + (-4 - ((-3 - 0) + 23)))?
-30
Evaluate -317 + 426 + (-24 - (-1 - 4)).
90
Evaluate -11 + -76 + -25 + 199.
87
Calculate 81 + -108 + 110 - 25.
58
Calculate 16 + -5 - (141 - 118) - -12.
0
Evaluate -3 + -24 - (-21 - -30 - 15).
-21
Calculate -29 - (11 + ((-11 - -20) + -23 - -2)).
-28
-7 - 3 - (-1 - (17 + (-13 - -9)))
4
What is the value of -16 + 19 + (-37 - -104) - 31?
39
103 + (77 - 100 - 66)
14
-9 + (16 - 29 - 6 - -8) + 8
-12
-7 + 9 - ((-33 - -19) + 13)
3
Calculate 18 + (-39 - (-42 + 45)).
-24
Evaluate 11 - (8 + -5 + 7 + 3 + 15 + 119).
-136
Calculate (-9 + (5 - -5) - 6 - 6) + 0.
-11
Evaluate (-18 - (-9 + -11)) + 1 - 36.
-33
Calculate -6 - 0 - (-229 - (-314 + 156)).
65
-20 - (-4 + (5 - -6) - 23) - (-36 + 1)
31
What is the value of 19 - 22 - -72 - 14 - 17?
38
Calculate (-9264 - -9266) + 30 + 1 + (-2 - -3).
34
Calculate -16 + 13 - (247 + -201 + -2 + -1).
-46
Calculate (-27 - (4 - 24)) + 5 - (-1 - -12).
-13
Evaluate 41 - (-24 - -48 - -13).
4
Evaluate (7194 - 7197) + (-1 - -34 - 4).
26
What is the value of 106 + -124 + 31 + -84?
-71
124 + -136 - ((5 - (0 - -2)) + -4)
-11
(129 - 111) + -1 + 5 + 2
24
(862 - 897) + 3 + 80
48
Calculate -33 - (0 + -47 + -37 + -36).
87
Calculate 108 + (-20 + -9 + 22 - -15) + -26.
90
Calculate -16 - 3 - (-4 - 2) - (-53 - -77).
-37
Calculate 4 + 1 + -5 + 2 - -1 - (-754 - -787).
-30
What is the value of (1 + 1 - (-328 - -332)) + -52 + -3?
-57
(314 - 411) + (4 - (5 - 5) - 8) + 2
-99
(500 - 546 - (-1 + 20)) + 20
-45
57 + 6 - 76 - -135
122
What is -18 + -19 + 29 - ((-35 - 2) + (-2 - -7))?
24
What is the value of -53 + (113 - 68) + (0 - 4 - -48)?
36
What is 7 + 57 - (0 + -38 - (5 + -27))?
80
5 + (31 + -1 + -13 - 7 - -3)
18
-4 + (10 - (8 + 34))
-36
Evaluate (-1 - -2 - (-1 - -3)) + (-1428 - -1437).
8
What is 38 + -6 - (299 + -247)?
-20
What is the value of 0 + -3 + -24 + 88?
61
What is the value of -57 + (1 - -21) + (-61 - -53)?
-43
What is the value of -49 + 67 + -68 - (16 + -2 - -2)?
-66
What is the value of -138 - -130 - (72 - (8 - -7))?
-65
(1 - 0) + (52 - 103 - 75) + -19
-144
Calculate -24 + (2 - 32) - -75.
21
What is the value of -40 + (-10 - (0 + (26 - 9) - 15))?
-52
-1 - ((-4 - (-14 - -11) - 3) + -1)
4
What is -10 - (323 - 312 - (65 - (-3 + 3)))?
44
What is (1 - -11) + 970 + -988 - (0 + -45)?
39
What is the value of 14 - ((7 - (3 + 7 + -13)) + 3)?
1
Evaluate 5 + 37 + (258 - 316).
-16
What is the value of -41 - (27 + 77 - 72)?
-73
What is -8 - -2 - (-122 + 185) - -32?
-37
Calculate -304 + 316 - (62 + 1).
-51
What is (17 + -31 + 10 - 14 - 0) + 67?
49
70 + 26 + (-25 - -1) + 11
83
What is the value of (0 - -63) + 56 + -178 + 122?
63
What is 1847 + -1865 - (-9 + 4 + -2) - -15?
4
-3 + 44 + -33 - (-11 + (10 - 5))
14
Evaluate 860 - 933 - (6 - (1 + 38)).
-40
What is -10 + 18 - (3 - -1 - ((4 - -2) + -84))?
-74
-14 - (57 + -33 + -17)
-21
Calculate -3 + -36 + 13 - -3.
-23
What is the value of (6 - (8 - (9 + -3 - 7))) + -14 + -12?
-29
What is the value of 23 - (-48 + -26 + 47)?
50
Evaluate -25 + (-13 - (-14 + (-2 - 1)) - 4).
-25
What is the value of 4 + 23 + -50 + -35 - 3?
-61
What is 39 - (-7 + (9 - 5) - -1)?
41
What is the value of -105 - (24 + -18 + 4 + 2 + 107 + -128)?
-96
0 + 2 - 6 - (-5 + (-7 - -24))
-16
What is -1 - (-2 + 29) - (-15066 + 15048)?
-10
Calculate 141 - (4 + (3 - -3) + 17 + -18 + 4).
128
-25 - ((6 - 3) + -60) - 4
28
Calculate 13 - ((-69 + 15 - (-9 - (-14 - 4))) + -8).
84
Calculate (2 - -14) + (53 - -16 - 44).
41
What is the value of (27 - 99) + (27 - -13)?
-32
Calculate (4 - 15 - -12) + -41.
-40
(-11 - (-41 - 8)) + 4 + -4
38
-86 + 116 + 20 + 0 + -19
31
Calculate 5 + (-17 - 20) - -68.
36
Calculate -25 + -7 + -3 + 144 - 14.
95
What is the value of -4 + 1 + -8 + -13 + -31?
-55
Evaluate -80 - (0 - (-12 - -10)).
-82
-1002 - -1023 - (56 - 3 - 2)
-30
Evaluate 166 + -106 + (-38 - -2).
24
Calculate -11 - 1 - (4 + 5 - -2 - 46).
23
What is the value of -1 - -4 - (7923 - 7870)?
-50
Evaluate 23 - ((3 - -1) + 25 + -15) - -13.
22
What is the value of 19 - (88 + 35 + -26)?
-78
Calculate (-51 - -35 - 46 - -38) + 31.
7
What is (-11 - 42) + (10 - (17 + 2 + -12))?
-50
Calculate (-24 - -24) + (15 - (35 - -14)).
-34
(150 - 57) + (6 - 6) + 14
107
What is (-36 + 19 - ((-9 - 8) + -123)) + 3?
126
Calculate 144 + (-36 - 24) - 52.
32
Evaluate -126 - (-58 - 20) - -4.
-44
What is the value of -33 + 1 - (-1078 - -990)?
56
Evaluate (5 - (3 + -1 + -299 + 295)) + -8.
-1
Calculate 68 - 78 - (-6 + 5) - (-6 + -6 + -4).
7
Evaluate 18 + (8 - (75 + -34)).
-15
24 + 25 - 11 - 6
32
Evaluate 13 - (-42 - -80 - 8).
-17
What is 4 - 7 - ((-3 + -14 - -1) + 858 + -925)?
80
What is 20 - (-71 + 35 - -65)?
-9
(4 - (-1 - 8 - (-19 + 13))) + -1 + -21
-15
What is (14 + -35 - -29) + -17 + 7?
-2
What is the value of -7 + 19 + -18 + 13 - 61?
-54
What is 60 - (88 - 35 - 64)?
71
-103 + (-30 - (-31 + (11 + 11 - 2)))
-122
What is -11 - -2 - (161 - (103 - -9))?
-58
7 + 0 + 932 + -992 - 6
-59
What is the value of 1 + 29 - (-15 - (-26 - (-55 + 12) - 42))?
20
What is the value of 25 - (0 - (-13 + (-80 - -25)))?
-43
Evaluate -51 - (14 + -26 - (1 - -8)).
-30
(26 - 2) + -6 - (75 + (-40 - -42))
-59
82 + (-30 - -14) + -62
4
What is the value of 80 - 71 - -30 - 47?
-8
Evaluate -2121 + 2106 - (12 - 0).
-27
What is the value of -20 - 110 - -132 - (-83 - (5 + -3))?
87
Calculate -8 + 12 + (3 - 17) + (-162 - -93).
-79
(-4 - (7 + 2 + -6)) + 18 + 61
72
9 - 44 - (93 - 159)
31
What is (-134 - (-24 + -25) - (-1 - 0)) + 19?
-65
What is the value of -128 - -121 - (3 + -5 + 2) - (6 - -4)?
-17
Calculate (-17 - 1 - -40) + (-11 - -13 - 139).
-115
What is (27 - 11 - (17 - 2)) + 0 + 4?
5
What is (-5 - (14 - 26)) + (61 + 12 - 13)?
67
Evaluate (-87 - 1) + -33 + 60.
-61
Calculate (-66 - -56) + 14 - (69 - 11).
-54
Calculate